9507878 and 347.
347
What is the highest common factor of 29993102 and 86?
86
What is the highest common factor of 1365 and 1293855?
15
Calculate the greatest common factor of 179355 and 8685.
15
What is the greatest common factor of 110620 and 345140?
20
Calculate the highest common factor of 1338260 and 7700.
1540
What is the greatest common factor of 1410539 and 169?
13
Calculate the highest common factor of 34542800 and 800.
400
What is the greatest common divisor of 42 and 30190538?
14
What is the highest common divisor of 1219979 and 94?
47
What is the highest common factor of 90061912 and 8200?
328
Calculate the greatest common divisor of 36473934 and 90552.
2058
What is the greatest common factor of 889358784 and 192?
192
What is the highest common divisor of 646 and 20528341?
19
What is the highest common factor of 252 and 2879289?
63
What is the greatest common divisor of 972760 and 37797000?
11720
What is the greatest common factor of 86906966 and 2878?
2878
Calculate the greatest common factor of 4521 and 2841791.
137
What is the greatest common divisor of 94114790 and 274645?
4655
Calculate the highest common factor of 118 and 13097115.
59
Calculate the greatest common divisor of 310236342 and 74.
74
Calculate the greatest common divisor of 1052 and 27008259.
263
Calculate the greatest common factor of 3026 and 1340399986.
3026
What is the greatest common divisor of 1719 and 29384013?
573
What is the greatest common divisor of 46285348 and 3?
1
Calculate the highest common divisor of 8991 and 3417579.
999
What is the highest common factor of 228 and 26946240?
12
Calculate the highest common divisor of 36695240 and 264.
8
What is the highest common divisor of 612417 and 1485471?
1599
Calculate the greatest common factor of 12151152 and 273.
39
What is the greatest common factor of 17180697 and 33632?
1051
Calculate the highest common divisor of 2276 and 72524.
4
Calculate the highest common divisor of 13730099 and 25129.
1933
What is the highest common divisor of 35109053 and 2813?
2813
What is the greatest common divisor of 445 and 3318721?
89
What is the highest common factor of 6975 and 611325?
225
What is the greatest common divisor of 17487139 and 1154?
577
Calculate the greatest common factor of 518301 and 26413.
433
Calculate the greatest common factor of 128939 and 4.
1
What is the highest common factor of 571120 and 1472?
16
What is the highest common divisor of 161714 and 3878?
14
What is the highest common divisor of 21735 and 2944?
23
What is the greatest common factor of 619345 and 8439?
97
Calculate the greatest common divisor of 2162849 and 4147.
377
What is the highest common factor of 818757745 and 26?
13
What is the highest common factor of 660 and 5019036?
132
What is the highest common factor of 230 and 2682283?
23
What is the greatest common divisor of 3033 and 7685959?
337
What is the greatest common divisor of 372470 and 2380?
1190
What is the greatest common divisor of 769500 and 105450?
2850
What is the highest common divisor of 240448 and 1175941?
3757
What is the highest common divisor of 6195 and 15991605?
105
Calculate the highest common divisor of 126 and 2844772.
14
Calculate the greatest common factor of 2218252 and 1765.
353
Calculate the highest common factor of 500520537 and 5214.
2607
What is the highest common divisor of 43150 and 9450?
50
What is the greatest common factor of 13350 and 40178338?
178
What is the greatest common divisor of 2644 and 47325617?
661
What is the greatest common factor of 3312 and 3757188?
276
What is the greatest common factor of 6393 and 3798752565?
6393
Calculate the highest common divisor of 9599788 and 53504.
836
Calculate the greatest common factor of 198 and 2297034.
18
Calculate the greatest common divisor of 6964 and 206700225.
1741
What is the highest common divisor of 115217 and 79323?
137
What is the greatest common divisor of 1647 and 12999222?
549
What is the greatest common divisor of 120 and 683565?
15
Calculate the highest common factor of 3402 and 23410863.
1701
What is the greatest common divisor of 1272 and 26649831?
159
Calculate the highest common divisor of 25600 and 62774400.
3200
What is the highest common divisor of 32078483 and 771?
257
What is the greatest common divisor of 44 and 46078340?
44
What is the greatest common divisor of 293788994 and 3207?
1069
Calculate the greatest common divisor of 21896596 and 2012.
2012
Calculate the greatest common factor of 93536 and 44082.
158
Calculate the highest common divisor of 3843 and 1692.
9
What is the highest common factor of 4 and 355728?
4
What is the highest common factor of 18902162 and 2252?
1126
What is the highest common divisor of 530704 and 102743?
809
Calculate the highest common divisor of 134748216 and 1800.
72
Calculate the greatest common divisor of 1519 and 9667133.
217
Calculate the highest common divisor of 236082 and 36201.
33
Calculate the highest common factor of 2295 and 93681.
9
Calculate the highest common divisor of 312881 and 116.
29
Calculate the highest common factor of 4554099 and 22451.
1727
Calculate the greatest common factor of 1519966 and 162778.
2114
Calculate the highest common factor of 26352 and 216123.
183
What is the highest common factor of 1545 and 259713985?
515
What is the highest common factor of 73 and 47619433?
73
Calculate the greatest common factor of 82986 and 5028.
6
Calculate the highest common factor of 119538 and 754.
58
Calculate the highest common divisor of 244 and 96111356.
244
Calculate the highest common factor of 22826185 and 1385.
1385
What is the greatest common factor of 7176370 and 335?
335
Calculate the highest common divisor of 26676 and 13727272.
988
Calculate the highest common divisor of 9276041 and 88131.
1013
Calculate the highest common factor of 102743 and 360814.
809
Calculate the greatest common factor of 485126 and 58102300.
11282
What is the greatest common divisor of 3552 and 743811?
111
What is the highest common factor of 8892 and 3169884?
228
What is the greatest common factor of 19845 and 2915703?
189
What is the highest common factor of 44 and 4272334?
22
Calculate the greatest common factor of 37067 and 127866.
101
Calculate the highest common factor of 533 and 153107981.
533
Calculate the greatest common factor of 261407172 and 249.
249
Calculate the greatest common divisor of 263656 and 2624.
8
What is the highest common divisor of 1199 and 45241867?
1199
What is the greatest common divisor of 2928 and 6042782?
122
Calculate the highest common divisor of 693836 and 196872.
52
What is the highest common factor of 1552907918 and 44994?
14998
What is the greatest common divisor of 62181301 and 320491?
6047
Calculate the highest common divisor of 71259 and 1167.
3
What is the greatest common divisor of 2854076 and 3682?
526
Calculate the highest common factor of 28122 and 87462.
258
Calculate the highest common divisor of 2754 and 4457349.
1377
Calculate the highest common factor of 49673 and 14274.
13
What is the greatest common factor of 14820348 and 3624?
1812
What is the highest common divisor of 33 and 35607681?
3
Calculate the highest common divisor of 307458 and 96007.
589
Calculate the greatest common divisor of 30044 and 3294998.
518
What is the greatest common factor of 3644010 and 70?
10
Calculate the greatest common factor of 864 and 232554304.
32
Calculate the greatest common divisor of 73357570 and 4290.
1430
Calculate the greatest common factor of 10672 and 1013086.
58
What is the greatest common divisor of 155 and 1559734?
31
What is the highest common divisor of 3198 and 1308658?
26
What is the highest common divisor of 388 and 60315279?
97
What is the highest common divisor of 678198 and 1647?
183
Calculate the greatest common divisor of 621 and 68977.
23
Calculate the highest common divisor of 54 and 6717681.
27
Calculate the highest common divisor of 62316 and 33804.
108
What is the greatest common divisor of 136588 and 4192?
4
What is the highest common factor of 4375983 and 14930?
1493
Calculate the greatest common factor of 365030 and 27770.
10
Calculate the highest common factor of 604044 and 57904.
1316
Calculate the greatest common factor of 13454486 and 712.
178
What is the greatest 